{"id":30,"date":"2016-08-09T23:04:21","date_gmt":"2016-08-09T21:04:21","guid":{"rendered":"http:\/\/www.edvinfliser.com\/?page_id=30"},"modified":"2022-01-09T09:33:18","modified_gmt":"2022-01-09T08:33:18","slug":"2-4","status":"publish","type":"page","link":"https:\/\/www.edvinfliser.com\/","title":{"rendered":"\u017divljenje tak\u0161no je &#8230;"},"content":{"rendered":"\n<p class=\"has-text-align-left\"><\/p>\n\n\n\n<p class=\"has-text-align-left\"><span class=\"has-inline-color has-black-color\"><strong>Edvin Fliser, <\/strong>rojen leta 1947, po izobrazbi <strong>glasbeni pedagog<\/strong>, je za\u010del prepevati v \u0161estdesetih letih z mariborsko skupino<\/span> <strong>Rde\u010di de\u010dki<\/strong>,<span class=\"has-inline-color has-black-color\"> s katero so preigravali pop\/rock komade tistega \u010dasa (<em>Beatles, Rolling Stones, Spancer Davis Group, Shadows, Elvis, Tom Jonesa <\/em>\u2026).&nbsp; <\/span><\/p>\n\n\n\n<p class=\"has-text-align-left\"><span style=\"color: #000000;\">Po kitariadi, leta 1968 v Ljubljani, kjer je bil progla\u0161en za najbolj\u0161ega vokalista, ga je RTV Slovenija povabila na<strong> Slovensko popevko<\/strong>, kjer je istega leta s Priv\u0161kovo in Ko\u0161utovo <strong>\u00bbTam, kjer sem doma\u00ab<\/strong> prejel 3. nagrado ob\u010dinstva. <img loading=\"lazy\" class=\"alignnone size-medium wp-image-71\" src=\"http:\/\/www.edvinfliser.com\/wp-content\/uploads\/2016\/08\/img012.jpg\" alt=\"\" width=\"1\" height=\"1\"><\/span><\/p>\n\n\n\n<div class=\"wp-block-image\"><figure class=\"alignleft size-full\"><img loading=\"lazy\" width=\"168\" height=\"300\" src=\"https:\/\/www.edvinfliser.com\/wp-content\/uploads\/2022\/01\/Edvin70.jpg\" alt=\"\" class=\"wp-image-502\"\/><\/figure><\/div>\n\n\n\n<p class=\"has-text-align-left\"><span style=\"color: #000000;\">Prav v tem letu je v Beogradu osvojil \u0161e nagrado za najbolj\u0161ega mladega pevca <strong>Jugoslavije<\/strong>.<\/span><\/p>\n\n\n\n<p class=\"has-text-align-left\"><span style=\"color: #000000;\">Nagrade na festivalih so se vrstile, in sicer na Slovenski popevki, v Splitu, Opatiji \u2026 <\/span><span style=\"color: #000000;\">Imel je sre\u010do, da je na glasbeni sceni za\u010del in svojo kariero ustvarjal v \u010dasu velikih imen. Vedno mu je bilo v veliko \u010dast, da je lahko v mladosti prepeval in dosegal velike uspehe s skladbami velikih mojstrov kot so <strong><em>Jo\u017ee Priv\u0161ek, Mojmir Sepe, Boris Kova\u010di\u010d, Ati Soss, Tadej Hru\u0161ovar, Elza Budau, Du\u0161an Velkaverh, Gregor Strni\u0161a<\/em><\/strong> in njihovimi skladbami <em><strong>Tam, kjer sem doma, Solza, ki je ne prodam, Otroci morja, Leti, leti lastovka, Kjer se nasmeh kon\u010da, Pesem za dinar (s Pepel in kri), Tu je Dalmacija (s Pepel in kri), Njej, ki sem jo ljubil, Muaja Pepka, Stari tango, Anzej<\/strong><\/em><strong>&nbsp;<\/strong> \u2026<\/span><\/p>\n\n\n\n<p><span class=\"has-inline-color has-black-color\">Vsi ti uspehi so mu odprli vrata tudi v mednarodni glasbeni svet, saj je gostoval tudi v tujini. Kot solist je ve\u010dkrat nastopal v Rusiji, Italiji in Avstriji,  z narodnozabavnimi ansambli <em><strong>Slovenski muzikantje<\/strong> in <strong>Alpski kvintet<\/strong><\/em> pa v Nem\u010diji in \u0160vici.<\/span><\/p>\n\n\n\n<div class=\"wp-block-image\"><figure class=\"alignright size-full\"><img loading=\"lazy\" width=\"260\" height=\"194\" src=\"https:\/\/www.edvinfliser.com\/wp-content\/uploads\/2022\/01\/Edvin00.jpg\" alt=\"\" class=\"wp-image-504\"\/><\/figure><\/div>\n\n\n\n<p><span class=\"has-inline-color has-black-color\">Z letom 1980, ob zatonu zlatega obdobja Slovenske popevke, se je za\u010dela njegova avtorska pot.<\/span> <span style=\"color: #000000;\">V svoji karieri je napisal ogromno skladb zase in druge izvajalce. In \u0161e vedno sklada &#8230;<\/span><\/p>\n\n\n\n<p class=\"has-text-align-left\"><span style=\"color: #000000;\">V svojem \u017eivljenju je veliko \u010dasa namenil tudi mentorstvu mladim. Tako so pod njegovim okriljem za\u010dele tudi Sanja Mlinar, Patricija Dikli\u010d in Anita Kralj.<\/span><\/p>\n\n\n\n<p class=\"has-text-align-left\"><span style=\"color: #000000;\">Nekaj skladb iz njegovega avtorskega opusa je na voljo naslednjih straneh.<\/span><\/p>\n\n\n\n<p class=\"has-text-align-left\"><span style=\"color: #000000;\">Danes u\u017eiva v zaslu\u017eenem pokoju, vendar ne mine dan brez poslu\u0161anja glasbe, igranja klavirja in petja.<br><\/span><\/p>\n\n\n\n<p class=\"has-text-align-left\">&nbsp;<\/p>\n\n\n\n<figure class=\"wp-block-embed alignleft is-type-video is-provider-youtube wp-block-embed-youtube wp-embed-aspect-16-9 wp-has-aspect-ratio\"><div class=\"wp-block-embed__wrapper\">\n<iframe loading=\"lazy\" title=\"Edvin Fliser\" width=\"525\" height=\"295\" src=\"https:\/\/www.youtube.com\/embed\/YAdEclQ4M2s?feature=oembed\" frameborder=\"0\" allow=\"accelerometer; autoplay; clipboard-write; encrypted-media; gyroscope; picture-in-picture\" allowfullscreen><\/iframe>\n<\/div><\/figure>\n","protected":false},"excerpt":{"rendered":"<p>Edvin Fliser, rojen leta 1947, po izobrazbi glasbeni pedagog, je za\u010del prepevati v \u0161estdesetih letih z mariborsko skupino Rde\u010di de\u010dki, s katero so preigravali pop\/rock&hellip;<\/p>\n","protected":false},"author":1,"featured_media":0,"parent":0,"menu_order":1,"comment_status":"closed","ping_status":"closed","template":"","meta":[],"_links":{"self":[{"href":"https:\/\/www.edvinfliser.com\/index.php?rest_route=\/wp\/v2\/pages\/30"}],"collection":[{"href":"https:\/\/www.edvinfliser.com\/index.php?rest_route=\/wp\/v2\/pages"}],"about":[{"href":"https:\/\/www.edvinfliser.com\/index.php?rest_route=\/wp\/v2\/types\/page"}],"author":[{"embeddable":true,"href":"https:\/\/www.edvinfliser.com\/index.php?rest_route=\/wp\/v2\/users\/1"}],"replies":[{"embeddable":true,"href":"https:\/\/www.edvinfliser.com\/index.php?rest_route=%2Fwp%2Fv2%2Fcomments&post=30"}],"version-history":[{"count":49,"href":"https:\/\/www.edvinfliser.com\/index.php?rest_route=\/wp\/v2\/pages\/30\/revisions"}],"predecessor-version":[{"id":505,"href":"https:\/\/www.edvinfliser.com\/index.php?rest_route=\/wp\/v2\/pages\/30\/revisions\/505"}],"wp:attachment":[{"href":"https:\/\/www.edvinfliser.com\/index.php?rest_route=%2Fwp%2Fv2%2Fmedia&parent=30"}],"curies":[{"name":"wp","href":"https:\/\/api.w.org\/{rel}","templated":true}]}}

Življenje takšno je &#8230;

<p class="has-text-align-left"></p>



<p class="has-text-align-left"><span class="has-inline-color has-black-color"><strong>Edvin Fliser, </strong>rojen leta 1947, po izobrazbi <strong>glasbeni pedagog</strong>, je začel prepevati v šestdesetih letih z mariborsko skupino</span> <strong>Rdeči dečki</strong>,<span class="has-inline-color has-black-color"> s katero so preigravali pop/rock komade tistega časa (<em>Beatles, Rolling Stones, Spancer Davis Group, Shadows, Elvis, Tom Jonesa </em>…).&nbsp; </span></p>



<p class="has-text-align-left"><span style="color: #000000;">Po kitariadi, leta 1968 v Ljubljani, kjer je bil proglašen za najboljšega vokalista, ga je RTV Slovenija povabila na<strong> Slovensko popevko</strong>, kjer je istega leta s Privškovo in Košutovo <strong>»Tam, kjer sem doma«</strong> prejel 3. nagrado občinstva. <img loading="lazy" class="alignnone size-medium wp-image-71" src="http://www.edvinfliser.com/wp-content/uploads/2016/08/img012.jpg" alt="" width="1" height="1"></span></p>



<div class="wp-block-image"><figure class="alignleft size-full"><img loading="lazy" width="168" height="300" src="https://www.edvinfliser.com/wp-content/uploads/2022/01/Edvin70.jpg" alt="" class="wp-image-502"/></figure></div>



<p class="has-text-align-left"><span style="color: #000000;">Prav v tem letu je v Beogradu osvojil še nagrado za najboljšega mladega pevca <strong>Jugoslavije</strong>.</span></p>



<p class="has-text-align-left"><span style="color: #000000;">Nagrade na festivalih so se vrstile, in sicer na Slovenski popevki, v Splitu, Opatiji … </span><span style="color: #000000;">Imel je srečo, da je na glasbeni sceni začel in svojo kariero ustvarjal v času velikih imen. Vedno mu je bilo v veliko čast, da je lahko v mladosti prepeval in dosegal velike uspehe s skladbami velikih mojstrov kot so <strong><em>Jože Privšek, Mojmir Sepe, Boris Kovačič, Ati Soss, Tadej Hrušovar, Elza Budau, Dušan Velkaverh, Gregor Strniša</em></strong> in njihovimi skladbami <em><strong>Tam, kjer sem doma, Solza, ki je ne prodam, Otroci morja, Leti, leti lastovka, Kjer se nasmeh konča, Pesem za dinar (s Pepel in kri), Tu je Dalmacija (s Pepel in kri), Njej, ki sem jo ljubil, Muaja Pepka, Stari tango, Anzej</strong></em><strong>&nbsp;</strong> …</span></p>



<p><span class="has-inline-color has-black-color">Vsi ti uspehi so mu odprli vrata tudi v mednarodni glasbeni svet, saj je gostoval tudi v tujini. Kot solist je večkrat nastopal v Rusiji, Italiji in Avstriji,  z narodnozabavnimi ansambli <em><strong>Slovenski muzikantje</strong> in <strong>Alpski kvintet</strong></em> pa v Nemčiji in Švici.</span></p>



<div class="wp-block-image"><figure class="alignright size-full"><img loading="lazy" width="260" height="194" src="https://www.edvinfliser.com/wp-content/uploads/2022/01/Edvin00.jpg" alt="" class="wp-image-504"/></figure></div>



<p><span class="has-inline-color has-black-color">Z letom 1980, ob zatonu zlatega obdobja Slovenske popevke, se je začela njegova avtorska pot.</span> <span style="color: #000000;">V svoji karieri je napisal ogromno skladb zase in druge izvajalce. In še vedno sklada &#8230;</span></p>



<p class="has-text-align-left"><span style="color: #000000;">V svojem življenju je veliko časa namenil tudi mentorstvu mladim. Tako so pod njegovim okriljem začele tudi Sanja Mlinar, Patricija Diklič in Anita Kralj.</span></p>



<p class="has-text-align-left"><span style="color: #000000;">Nekaj skladb iz njegovega avtorskega opusa je na voljo naslednjih straneh.</span></p>



<p class="has-text-align-left"><span style="color: #000000;">Danes uživa v zasluženem pokoju, vendar ne mine dan brez poslušanja glasbe, igranja klavirja in petja.<br></span></p>



<p class="has-text-align-left">&nbsp;</p>



<figure class="wp-block-embed alignleft is-type-video is-provider-youtube wp-block-embed-youtube wp-embed-aspect-16-9 wp-has-aspect-ratio"><div class="wp-block-embed__wrapper">
<iframe loading="lazy" title="Edvin Fliser" width="525" height="295" src="https://www.youtube.com/embed/YAdEclQ4M2s?feature=oembed" frameborder="0" allow="accelerometer; autoplay; clipboard-write; encrypted-media; gyroscope; picture-in-picture" allowfullscreen></iframe>
</div></figure>

<p>Edvin Fliser, rojen leta 1947, po izobrazbi glasbeni pedagog, je začel prepevati v šestdesetih letih z mariborsko skupino Rdeči dečki, s katero so preigravali pop/rock&hellip;</p>
