{"id":32,"date":"2016-08-09T22:55:10","date_gmt":"2016-08-09T20:55:10","guid":{"rendered":"http:\/\/www.edvinfliser.com\/?page_id=32"},"modified":"2021-12-25T11:54:59","modified_gmt":"2021-12-25T10:54:59","slug":"2-2","status":"publish","type":"page","link":"https:\/\/www.edvinfliser.com\/?page_id=32","title":{"rendered":"Projekti"},"content":{"rendered":"\n<p>Odmevi srca v pesmih in besedilih <\/p>\n\n\n\n<p><a href=\"https:\/\/www.biblos.si\/avtor?q=Edvin Fliser\">Edvin Fliser<\/a><\/p>\n\n\n\n<figure class=\"wp-block-image size-full is-resized\"><img loading=\"lazy\" src=\"http:\/\/www.edvinfliser.com\/wp-content\/uploads\/2021\/12\/besedila.jpg\" alt=\"\" class=\"wp-image-225\" width=\"194\" height=\"291\" srcset=\"https:\/\/www.edvinfliser.com\/wp-content\/uploads\/2021\/12\/besedila.jpg 466w, https:\/\/www.edvinfliser.com\/wp-content\/uploads\/2021\/12\/besedila-200x300.jpg 200w\" sizes=\"(max-width: 194px) 100vw, 194px\" \/><\/figure>\n\n\n\n<p>Pesni\u0161ki prvenec pevca, \u0161ansonjera, popevkarja Edvina Fliserja<\/p>\n\n\n\n<hr class=\"wp-block-separator\"\/>\n\n\n\n<figure id=\"book-detail-table\" class=\"wp-block-table\"><table><tbody><tr><td>Zalo\u017eba<\/td><td><a href=\"https:\/\/www.biblos.si\/zalozba\/130028\" target=\"_blank\" rel=\"noreferrer noopener\">Kulturni center Maribor<\/a><\/td><\/tr><tr><td>Zbirka<\/td><td>Zbirka elektronska knjiga<\/td><\/tr><tr><td>Oprema<\/td><td>Peter Dobaj<\/td><\/tr><tr><td>Leto izdaje<\/td><td>2018<\/td><\/tr><tr><td>Strani<\/td><td>96<\/td><\/tr><tr><td>Jezik<\/td><td>slovenski<\/td><\/tr><tr><td>Tip datoteke<\/td><td>epub<\/td><\/tr><tr><td>ISBN<\/td><td>9789617030730<\/td><\/tr><\/tbody><\/table><\/figure>\n\n\n\n<figure class=\"wp-block-embed alignleft is-type-video is-provider-youtube wp-block-embed-youtube wp-embed-aspect-16-9 wp-has-aspect-ratio\"><div class=\"wp-block-embed__wrapper\">\n<iframe loading=\"lazy\" title=\"Edvin Fliser - Odmevi srca v pesmih in besedilih\" width=\"525\" height=\"295\" src=\"https:\/\/www.youtube.com\/embed\/zFhKwVOe1wA?feature=oembed\" frameborder=\"0\" allow=\"accelerometer; autoplay; clipboard-write; encrypted-media; gyroscope; picture-in-picture\" allowfullscreen><\/iframe>\n<\/div><\/figure>\n\n\n\n<p><\/p>\n","protected":false},"excerpt":{"rendered":"<p>Odmevi srca v pesmih in besedilih Edvin Fliser Pesni\u0161ki prvenec pevca, \u0161ansonjera, popevkarja Edvina Fliserja Zalo\u017eba Kulturni center Maribor Zbirka Zbirka elektronska knjiga Oprema Peter&hellip;<\/p>\n","protected":false},"author":1,"featured_media":0,"parent":0,"menu_order":5,"comment_status":"closed","ping_status":"closed","template":"","meta":[],"_links":{"self":[{"href":"https:\/\/www.edvinfliser.com\/index.php?rest_route=\/wp\/v2\/pages\/32"}],"collection":[{"href":"https:\/\/www.edvinfliser.com\/index.php?rest_route=\/wp\/v2\/pages"}],"about":[{"href":"https:\/\/www.edvinfliser.com\/index.php?rest_route=\/wp\/v2\/types\/page"}],"author":[{"embeddable":true,"href":"https:\/\/www.edvinfliser.com\/index.php?rest_route=\/wp\/v2\/users\/1"}],"replies":[{"embeddable":true,"href":"https:\/\/www.edvinfliser.com\/index.php?rest_route=%2Fwp%2Fv2%2Fcomments&post=32"}],"version-history":[{"count":15,"href":"https:\/\/www.edvinfliser.com\/index.php?rest_route=\/wp\/v2\/pages\/32\/revisions"}],"predecessor-version":[{"id":334,"href":"https:\/\/www.edvinfliser.com\/index.php?rest_route=\/wp\/v2\/pages\/32\/revisions\/334"}],"wp:attachment":[{"href":"https:\/\/www.edvinfliser.com\/index.php?rest_route=%2Fwp%2Fv2%2Fmedia&parent=32"}],"curies":[{"name":"wp","href":"https:\/\/api.w.org\/{rel}","templated":true}]}}