{"id":52,"date":"2016-08-09T23:00:39","date_gmt":"2016-08-09T21:00:39","guid":{"rendered":"http:\/\/www.edvinfliser.com\/?page_id=52"},"modified":"2021-12-30T09:38:30","modified_gmt":"2021-12-30T08:38:30","slug":"2-3","status":"publish","type":"page","link":"https:\/\/www.edvinfliser.com\/?page_id=52","title":{"rendered":"Avtorstvo"},"content":{"rendered":"<p style=\"text-align: left;\"><span style=\"color: #000000;\">Edvin Fliser je v svoji karieri napisal ogromno skladb, mnogo od teh je bilo nagrajenih. <\/span><\/p>\n<p style=\"text-align: left;\"><span style=\"color: #000000;\">Za svoje dose\u017eke v glasbi je prejel tudi pe\u010datnik mesta Maribor.<\/span><\/p>\n<p style=\"text-align: left;\"><span style=\"color: #000000;\">Tukaj je le nekaj skladb, ki so ga zaznamovale v njegovi glasbeni karieri: <\/span><\/p>\n\n\n<figure class=\"wp-block-embed alignleft is-type-video is-provider-youtube wp-block-embed-youtube wp-embed-aspect-16-9 wp-has-aspect-ratio\"><div class=\"wp-block-embed__wrapper\">\n<iframe loading=\"lazy\" title=\"Njej Edvin Fliser\" width=\"525\" height=\"295\" src=\"https:\/\/www.youtube.com\/embed\/gqOWFZ18SuY?feature=oembed\" frameborder=\"0\" allow=\"accelerometer; autoplay; clipboard-write; encrypted-media; gyroscope; picture-in-picture\" allowfullscreen><\/iframe>\n<\/div><figcaption><em>Njej, ki sem jo ljubil<\/em> je Edvin napisal pri 36-tih letih<\/figcaption><\/figure>\n\n\n\n<figure class=\"wp-block-embed alignleft is-type-video is-provider-youtube wp-block-embed-youtube wp-embed-aspect-4-3 wp-has-aspect-ratio\"><div class=\"wp-block-embed__wrapper\">\n<iframe loading=\"lazy\" title=\"Edvin Fliser - S tvojim imenom jutro me budi - original video\" width=\"525\" height=\"394\" src=\"https:\/\/www.youtube.com\/embed\/OK_6XoozIa8?feature=oembed\" frameborder=\"0\" allow=\"accelerometer; autoplay; clipboard-write; encrypted-media; gyroscope; picture-in-picture\" allowfullscreen><\/iframe>\n<\/div><figcaption><em>S tvojim imenom jutro me budi <\/em><\/figcaption><\/figure>\n\n\n\n<figure class=\"wp-block-embed alignleft is-type-video is-provider-youtube wp-block-embed-youtube wp-embed-aspect-4-3 wp-has-aspect-ratio\"><div class=\"wp-block-embed__wrapper\">\n<iframe loading=\"lazy\" title=\"Edvin Fliser - De\u017eela \u0160tajerska\" width=\"525\" height=\"394\" src=\"https:\/\/www.youtube.com\/embed\/hycApYr7JeA?feature=oembed\" frameborder=\"0\" allow=\"accelerometer; autoplay; clipboard-write; encrypted-media; gyroscope; picture-in-picture\" allowfullscreen><\/iframe>\n<\/div><figcaption>\u017de skoraj ponarodela <em>De\u017eela \u0160tajerska<\/em>, ki spada med \u0160tajerske 3<\/figcaption><\/figure>\n\n\n\n<figure class=\"wp-block-embed alignleft is-type-video is-provider-youtube wp-block-embed-youtube wp-embed-aspect-16-9 wp-has-aspect-ratio\"><div class=\"wp-block-embed__wrapper\">\n<iframe loading=\"lazy\" title=\"Edvin Fliser in Rde\u010di de\u010dki   Kaj mi mar\" width=\"525\" height=\"295\" src=\"https:\/\/www.youtube.com\/embed\/QfEfav3H1K4?feature=oembed\" frameborder=\"0\" allow=\"accelerometer; autoplay; clipboard-write; encrypted-media; gyroscope; picture-in-picture\" allowfullscreen><\/iframe>\n<\/div><figcaption>Skladba <em>Kaj mi mar <\/em>je plod h\u010derkine ljubezni do reggaeja, s katero je Edvin z Rde\u010dimi de\u010dki nastopil na Slovenski popevki.<\/figcaption><\/figure>\n\n\n\n<figure class=\"wp-block-embed alignleft is-type-video is-provider-youtube wp-block-embed-youtube wp-embed-aspect-4-3 wp-has-aspect-ratio\"><div class=\"wp-block-embed__wrapper\">\n<iframe loading=\"lazy\" title=\"MOJ MARIBOR - Vinko \u0160imek in Edvin Fliser  \/pomlad 1986 Umatic\/\" width=\"525\" height=\"394\" src=\"https:\/\/www.youtube.com\/embed\/9uipLOOIMlM?feature=oembed\" frameborder=\"0\" allow=\"accelerometer; autoplay; clipboard-write; encrypted-media; gyroscope; picture-in-picture\" allowfullscreen><\/iframe>\n<\/div><figcaption>Tudi <em>Moj Maribor<\/em> je \u017ee skoraj ponarodela (\u0160tajerske 3)<\/figcaption><\/figure>\n\n\n\n<figure class=\"wp-block-embed alignleft is-type-video is-provider-youtube wp-block-embed-youtube wp-embed-aspect-4-3 wp-has-aspect-ratio\"><div class=\"wp-block-embed__wrapper\">\n<iframe loading=\"lazy\" title=\"\u0160e eno rudno daj to\u010dajka\" width=\"525\" height=\"394\" src=\"https:\/\/www.youtube.com\/embed\/9JP7aeWv6lE?feature=oembed\" frameborder=\"0\" allow=\"accelerometer; autoplay; clipboard-write; encrypted-media; gyroscope; picture-in-picture\" allowfullscreen><\/iframe>\n<\/div><figcaption>\u0160tajerci jo znamo na pamet; <em>\u0160e eno rundo daj, to\u010dajka<\/em> (tudi ta spada med \u0160tajerske 3)<\/figcaption><\/figure>\n\n\n\n<figure class=\"wp-block-embed alignleft is-type-video is-provider-youtube wp-block-embed-youtube wp-embed-aspect-4-3 wp-has-aspect-ratio\"><div class=\"wp-block-embed__wrapper\">\n<iframe loading=\"lazy\" title=\"Rebeka Dremelj - Son\u010dno dekle\" width=\"525\" height=\"394\" src=\"https:\/\/www.youtube.com\/embed\/_3qp2TVV7NQ?feature=oembed\" frameborder=\"0\" allow=\"accelerometer; autoplay; clipboard-write; encrypted-media; gyroscope; picture-in-picture\" allowfullscreen><\/iframe>\n<\/div><figcaption>Rebeka Dremelj &#8211; Son\u010dno dekle<\/figcaption><\/figure>\n\n\n\n<figure class=\"wp-block-embed alignleft is-type-video is-provider-youtube wp-block-embed-youtube wp-embed-aspect-16-9 wp-has-aspect-ratio\"><div class=\"wp-block-embed__wrapper\">\n<iframe loading=\"lazy\" title=\"Helena Blagne - Bodi sre\u010den Bambino (Sto\u017eice)\" width=\"525\" height=\"295\" src=\"https:\/\/www.youtube.com\/embed\/ikfv6wM1qKE?feature=oembed\" frameborder=\"0\" allow=\"accelerometer; autoplay; clipboard-write; encrypted-media; gyroscope; picture-in-picture\" allowfullscreen><\/iframe>\n<\/div><figcaption>Helena Blagne- Bodi sre\u010den, Bambino!<\/figcaption><\/figure>\n\n\n\n<figure class=\"wp-block-embed alignleft is-type-video is-provider-youtube wp-block-embed-youtube wp-embed-aspect-4-3 wp-has-aspect-ratio\"><div class=\"wp-block-embed__wrapper\">\n<iframe loading=\"lazy\" title=\"Rebeka Dremelj - Kli\u010dem te\" width=\"525\" height=\"394\" src=\"https:\/\/www.youtube.com\/embed\/Q8LM72ZnLgU?feature=oembed\" frameborder=\"0\" allow=\"accelerometer; autoplay; clipboard-write; encrypted-media; gyroscope; picture-in-picture\" allowfullscreen><\/iframe>\n<\/div><figcaption>Rebeka Dremelj &#8211;  Kli\u010dem te<\/figcaption><\/figure>\n\n\n\n<figure class=\"wp-block-embed alignleft is-type-video is-provider-youtube wp-block-embed-youtube wp-embed-aspect-4-3 wp-has-aspect-ratio\"><div class=\"wp-block-embed__wrapper\">\n<iframe loading=\"lazy\" title=\"No\u010d za rock n roll - Edvin Fliser\" width=\"525\" height=\"394\" src=\"https:\/\/www.youtube.com\/embed\/3jv2FlnfgD0?feature=oembed\" frameborder=\"0\" allow=\"accelerometer; autoplay; clipboard-write; encrypted-media; gyroscope; picture-in-picture\" allowfullscreen><\/iframe>\n<\/div><figcaption>Edvin je po srcu rocker &#8230; zato je tudi napisal <em>No\u010d za rock n roll<\/em><\/figcaption><\/figure>\n\n\n\n<figure class=\"wp-block-embed alignleft is-type-video is-provider-youtube wp-block-embed-youtube wp-embed-aspect-4-3 wp-has-aspect-ratio\"><div class=\"wp-block-embed__wrapper\">\n<iframe loading=\"lazy\" title=\"Lisi\u010dka in lisjak\" width=\"525\" height=\"394\" src=\"https:\/\/www.youtube.com\/embed\/_i6G0t1v2V4?feature=oembed\" frameborder=\"0\" allow=\"accelerometer; autoplay; clipboard-write; encrypted-media; gyroscope; picture-in-picture\" allowfullscreen><\/iframe>\n<\/div><figcaption><em>Lisi\u010dka in lisjak<\/em> je Edvinova skladba s Pepel in kri<\/figcaption><\/figure>\n\n\n\n<figure class=\"wp-block-embed alignleft is-type-video is-provider-youtube wp-block-embed-youtube wp-embed-aspect-4-3 wp-has-aspect-ratio\"><div class=\"wp-block-embed__wrapper\">\n<iframe loading=\"lazy\" title=\"Edvin Fliser in Ansambel Mak - Pa \u0161e eno zaigrajmo\" width=\"525\" height=\"394\" src=\"https:\/\/www.youtube.com\/embed\/3Pvwlgm39nQ?feature=oembed\" frameborder=\"0\" allow=\"accelerometer; autoplay; clipboard-write; encrypted-media; gyroscope; picture-in-picture\" allowfullscreen><\/iframe>\n<\/div><figcaption>Iz obdobja narodno-zabavnega ustvarjanja pa je tu \u0161e skladba <em>Pa \u0161e eno zaigrajmo!<\/em><\/figcaption><\/figure>\n\n\n\n<figure class=\"wp-block-embed alignleft is-type-video is-provider-youtube wp-block-embed-youtube wp-embed-aspect-16-9 wp-has-aspect-ratio\"><div class=\"wp-block-embed__wrapper\">\n<iframe loading=\"lazy\" title=\"Edvin Fliser - Ti moj si svet (MGNZ 2014)\" width=\"525\" height=\"295\" src=\"https:\/\/www.youtube.com\/embed\/zc1Up0G_G5E?feature=oembed\" frameborder=\"0\" allow=\"accelerometer; autoplay; clipboard-write; encrypted-media; gyroscope; picture-in-picture\" allowfullscreen><\/iframe>\n<\/div><figcaption><em>Ti si moj svet<\/em><\/figcaption><\/figure>\n\n\n\n<figure class=\"wp-block-embed alignleft is-type-video is-provider-youtube wp-block-embed-youtube wp-embed-aspect-4-3 wp-has-aspect-ratio\"><div class=\"wp-block-embed__wrapper\">\n<iframe loading=\"lazy\" title=\"Muaje pesmi muaje \u017eelje\" width=\"525\" height=\"394\" src=\"https:\/\/www.youtube.com\/embed\/tGsoMWM_cfI?feature=oembed\" frameborder=\"0\" allow=\"accelerometer; autoplay; clipboard-write; encrypted-media; gyroscope; picture-in-picture\" allowfullscreen><\/iframe>\n<\/div><figcaption>Muaje pesmi muaje \u017eelje<\/figcaption><\/figure>\n\n\n\n<figure class=\"wp-block-embed alignleft is-type-video is-provider-youtube wp-block-embed-youtube wp-embed-aspect-4-3 wp-has-aspect-ratio\"><div class=\"wp-block-embed__wrapper\">\n<iframe loading=\"lazy\" title=\"PEPEL in Kri &amp; META Mo\u010dnik &amp; EDVIN Fliser-Verjemi srcu.\" width=\"525\" height=\"394\" src=\"https:\/\/www.youtube.com\/embed\/YBa1MitDUns?feature=oembed\" frameborder=\"0\" allow=\"accelerometer; autoplay; clipboard-write; encrypted-media; gyroscope; picture-in-picture\" allowfullscreen><\/iframe>\n<\/div><figcaption>Pepel in kri &#8211; Verjemi srcu<\/figcaption><\/figure>\n\n\n\n<figure class=\"wp-block-embed alignleft is-type-video is-provider-youtube wp-block-embed-youtube wp-embed-aspect-4-3 wp-has-aspect-ratio\"><div class=\"wp-block-embed__wrapper\">\n<iframe loading=\"lazy\" title=\"Za vse ljudi sveta\" width=\"525\" height=\"394\" src=\"https:\/\/www.youtube.com\/embed\/S_9lAF4WQrM?feature=oembed\" frameborder=\"0\" allow=\"accelerometer; autoplay; clipboard-write; encrypted-media; gyroscope; picture-in-picture\" allowfullscreen><\/iframe>\n<\/div><figcaption>Pepel in kri &#8211; Za vse ljudi sveta<\/figcaption><\/figure>\n","protected":false},"excerpt":{"rendered":"<p>Edvin Fliser je v svoji karieri napisal ogromno skladb, mnogo od teh je bilo nagrajenih. Za svoje dose\u017eke v glasbi je prejel tudi pe\u010datnik mesta&hellip;<\/p>\n","protected":false},"author":1,"featured_media":0,"parent":0,"menu_order":3,"comment_status":"closed","ping_status":"closed","template":"","meta":[],"_links":{"self":[{"href":"https:\/\/www.edvinfliser.com\/index.php?rest_route=\/wp\/v2\/pages\/52"}],"collection":[{"href":"https:\/\/www.edvinfliser.com\/index.php?rest_route=\/wp\/v2\/pages"}],"about":[{"href":"https:\/\/www.edvinfliser.com\/index.php?rest_route=\/wp\/v2\/types\/page"}],"author":[{"embeddable":true,"href":"https:\/\/www.edvinfliser.com\/index.php?rest_route=\/wp\/v2\/users\/1"}],"replies":[{"embeddable":true,"href":"https:\/\/www.edvinfliser.com\/index.php?rest_route=%2Fwp%2Fv2%2Fcomments&post=52"}],"version-history":[{"count":47,"href":"https:\/\/www.edvinfliser.com\/index.php?rest_route=\/wp\/v2\/pages\/52\/revisions"}],"predecessor-version":[{"id":494,"href":"https:\/\/www.edvinfliser.com\/index.php?rest_route=\/wp\/v2\/pages\/52\/revisions\/494"}],"wp:attachment":[{"href":"https:\/\/www.edvinfliser.com\/index.php?rest_route=%2Fwp%2Fv2%2Fmedia&parent=52"}],"curies":[{"name":"wp","href":"https:\/\/api.w.org\/{rel}","templated":true}]}}

<p style="text-align: left;"><span style="color: #000000;">Edvin Fliser je v svoji karieri napisal ogromno skladb, mnogo od teh je bilo nagrajenih. </span></p>
<p style="text-align: left;"><span style="color: #000000;">Za svoje dosežke v glasbi je prejel tudi pečatnik mesta Maribor.</span></p>
<p style="text-align: left;"><span style="color: #000000;">Tukaj je le nekaj skladb, ki so ga zaznamovale v njegovi glasbeni karieri: </span></p>


<figure class="wp-block-embed alignleft is-type-video is-provider-youtube wp-block-embed-youtube wp-embed-aspect-16-9 wp-has-aspect-ratio"><div class="wp-block-embed__wrapper">
<iframe loading="lazy" title="Njej Edvin Fliser" width="525" height="295" src="https://www.youtube.com/embed/gqOWFZ18SuY?feature=oembed" frameborder="0" allow="accelerometer; autoplay; clipboard-write; encrypted-media; gyroscope; picture-in-picture" allowfullscreen></iframe>
</div><figcaption><em>Njej, ki sem jo ljubil</em> je Edvin napisal pri 36-tih letih</figcaption></figure>



<figure class="wp-block-embed alignleft is-type-video is-provider-youtube wp-block-embed-youtube wp-embed-aspect-4-3 wp-has-aspect-ratio"><div class="wp-block-embed__wrapper">
<iframe loading="lazy" title="Edvin Fliser - S tvojim imenom jutro me budi - original video" width="525" height="394" src="https://www.youtube.com/embed/OK_6XoozIa8?feature=oembed" frameborder="0" allow="accelerometer; autoplay; clipboard-write; encrypted-media; gyroscope; picture-in-picture" allowfullscreen></iframe>
</div><figcaption><em>S tvojim imenom jutro me budi </em></figcaption></figure>



<figure class="wp-block-embed alignleft is-type-video is-provider-youtube wp-block-embed-youtube wp-embed-aspect-4-3 wp-has-aspect-ratio"><div class="wp-block-embed__wrapper">
<iframe loading="lazy" title="Edvin Fliser - Dežela Štajerska" width="525" height="394" src="https://www.youtube.com/embed/hycApYr7JeA?feature=oembed" frameborder="0" allow="accelerometer; autoplay; clipboard-write; encrypted-media; gyroscope; picture-in-picture" allowfullscreen></iframe>
</div><figcaption>Že skoraj ponarodela <em>Dežela Štajerska</em>, ki spada med Štajerske 3</figcaption></figure>



<figure class="wp-block-embed alignleft is-type-video is-provider-youtube wp-block-embed-youtube wp-embed-aspect-16-9 wp-has-aspect-ratio"><div class="wp-block-embed__wrapper">
<iframe loading="lazy" title="Edvin Fliser in Rdeči dečki   Kaj mi mar" width="525" height="295" src="https://www.youtube.com/embed/QfEfav3H1K4?feature=oembed" frameborder="0" allow="accelerometer; autoplay; clipboard-write; encrypted-media; gyroscope; picture-in-picture" allowfullscreen></iframe>
</div><figcaption>Skladba <em>Kaj mi mar </em>je plod hčerkine ljubezni do reggaeja, s katero je Edvin z Rdečimi dečki nastopil na Slovenski popevki.</figcaption></figure>



<figure class="wp-block-embed alignleft is-type-video is-provider-youtube wp-block-embed-youtube wp-embed-aspect-4-3 wp-has-aspect-ratio"><div class="wp-block-embed__wrapper">
<iframe loading="lazy" title="MOJ MARIBOR - Vinko Šimek in Edvin Fliser  /pomlad 1986 Umatic/" width="525" height="394" src="https://www.youtube.com/embed/9uipLOOIMlM?feature=oembed" frameborder="0" allow="accelerometer; autoplay; clipboard-write; encrypted-media; gyroscope; picture-in-picture" allowfullscreen></iframe>
</div><figcaption>Tudi <em>Moj Maribor</em> je že skoraj ponarodela (Štajerske 3)</figcaption></figure>



<figure class="wp-block-embed alignleft is-type-video is-provider-youtube wp-block-embed-youtube wp-embed-aspect-4-3 wp-has-aspect-ratio"><div class="wp-block-embed__wrapper">
<iframe loading="lazy" title="Še eno rudno daj točajka" width="525" height="394" src="https://www.youtube.com/embed/9JP7aeWv6lE?feature=oembed" frameborder="0" allow="accelerometer; autoplay; clipboard-write; encrypted-media; gyroscope; picture-in-picture" allowfullscreen></iframe>
</div><figcaption>Štajerci jo znamo na pamet; <em>Še eno rundo daj, točajka</em> (tudi ta spada med Štajerske 3)</figcaption></figure>



<figure class="wp-block-embed alignleft is-type-video is-provider-youtube wp-block-embed-youtube wp-embed-aspect-4-3 wp-has-aspect-ratio"><div class="wp-block-embed__wrapper">
<iframe loading="lazy" title="Rebeka Dremelj - Sončno dekle" width="525" height="394" src="https://www.youtube.com/embed/_3qp2TVV7NQ?feature=oembed" frameborder="0" allow="accelerometer; autoplay; clipboard-write; encrypted-media; gyroscope; picture-in-picture" allowfullscreen></iframe>
</div><figcaption>Rebeka Dremelj &#8211; Sončno dekle</figcaption></figure>



<figure class="wp-block-embed alignleft is-type-video is-provider-youtube wp-block-embed-youtube wp-embed-aspect-16-9 wp-has-aspect-ratio"><div class="wp-block-embed__wrapper">
<iframe loading="lazy" title="Helena Blagne - Bodi srečen Bambino (Stožice)" width="525" height="295" src="https://www.youtube.com/embed/ikfv6wM1qKE?feature=oembed" frameborder="0" allow="accelerometer; autoplay; clipboard-write; encrypted-media; gyroscope; picture-in-picture" allowfullscreen></iframe>
</div><figcaption>Helena Blagne- Bodi srečen, Bambino!</figcaption></figure>



<figure class="wp-block-embed alignleft is-type-video is-provider-youtube wp-block-embed-youtube wp-embed-aspect-4-3 wp-has-aspect-ratio"><div class="wp-block-embed__wrapper">
<iframe loading="lazy" title="Rebeka Dremelj - Kličem te" width="525" height="394" src="https://www.youtube.com/embed/Q8LM72ZnLgU?feature=oembed" frameborder="0" allow="accelerometer; autoplay; clipboard-write; encrypted-media; gyroscope; picture-in-picture" allowfullscreen></iframe>
</div><figcaption>Rebeka Dremelj &#8211;  Kličem te</figcaption></figure>



<figure class="wp-block-embed alignleft is-type-video is-provider-youtube wp-block-embed-youtube wp-embed-aspect-4-3 wp-has-aspect-ratio"><div class="wp-block-embed__wrapper">
<iframe loading="lazy" title="Noč za rock n roll - Edvin Fliser" width="525" height="394" src="https://www.youtube.com/embed/3jv2FlnfgD0?feature=oembed" frameborder="0" allow="accelerometer; autoplay; clipboard-write; encrypted-media; gyroscope; picture-in-picture" allowfullscreen></iframe>
</div><figcaption>Edvin je po srcu rocker &#8230; zato je tudi napisal <em>Noč za rock n roll</em></figcaption></figure>



<figure class="wp-block-embed alignleft is-type-video is-provider-youtube wp-block-embed-youtube wp-embed-aspect-4-3 wp-has-aspect-ratio"><div class="wp-block-embed__wrapper">
<iframe loading="lazy" title="Lisička in lisjak" width="525" height="394" src="https://www.youtube.com/embed/_i6G0t1v2V4?feature=oembed" frameborder="0" allow="accelerometer; autoplay; clipboard-write; encrypted-media; gyroscope; picture-in-picture" allowfullscreen></iframe>
</div><figcaption><em>Lisička in lisjak</em> je Edvinova skladba s Pepel in kri</figcaption></figure>



<figure class="wp-block-embed alignleft is-type-video is-provider-youtube wp-block-embed-youtube wp-embed-aspect-4-3 wp-has-aspect-ratio"><div class="wp-block-embed__wrapper">
<iframe loading="lazy" title="Edvin Fliser in Ansambel Mak - Pa še eno zaigrajmo" width="525" height="394" src="https://www.youtube.com/embed/3Pvwlgm39nQ?feature=oembed" frameborder="0" allow="accelerometer; autoplay; clipboard-write; encrypted-media; gyroscope; picture-in-picture" allowfullscreen></iframe>
</div><figcaption>Iz obdobja narodno-zabavnega ustvarjanja pa je tu še skladba <em>Pa še eno zaigrajmo!</em></figcaption></figure>



<figure class="wp-block-embed alignleft is-type-video is-provider-youtube wp-block-embed-youtube wp-embed-aspect-16-9 wp-has-aspect-ratio"><div class="wp-block-embed__wrapper">
<iframe loading="lazy" title="Edvin Fliser - Ti moj si svet (MGNZ 2014)" width="525" height="295" src="https://www.youtube.com/embed/zc1Up0G_G5E?feature=oembed" frameborder="0" allow="accelerometer; autoplay; clipboard-write; encrypted-media; gyroscope; picture-in-picture" allowfullscreen></iframe>
</div><figcaption><em>Ti si moj svet</em></figcaption></figure>



<figure class="wp-block-embed alignleft is-type-video is-provider-youtube wp-block-embed-youtube wp-embed-aspect-4-3 wp-has-aspect-ratio"><div class="wp-block-embed__wrapper">
<iframe loading="lazy" title="Muaje pesmi muaje želje" width="525" height="394" src="https://www.youtube.com/embed/tGsoMWM_cfI?feature=oembed" frameborder="0" allow="accelerometer; autoplay; clipboard-write; encrypted-media; gyroscope; picture-in-picture" allowfullscreen></iframe>
</div><figcaption>Muaje pesmi muaje želje</figcaption></figure>



<figure class="wp-block-embed alignleft is-type-video is-provider-youtube wp-block-embed-youtube wp-embed-aspect-4-3 wp-has-aspect-ratio"><div class="wp-block-embed__wrapper">
<iframe loading="lazy" title="PEPEL in Kri &amp; META Močnik &amp; EDVIN Fliser-Verjemi srcu." width="525" height="394" src="https://www.youtube.com/embed/YBa1MitDUns?feature=oembed" frameborder="0" allow="accelerometer; autoplay; clipboard-write; encrypted-media; gyroscope; picture-in-picture" allowfullscreen></iframe>
</div><figcaption>Pepel in kri &#8211; Verjemi srcu</figcaption></figure>



<figure class="wp-block-embed alignleft is-type-video is-provider-youtube wp-block-embed-youtube wp-embed-aspect-4-3 wp-has-aspect-ratio"><div class="wp-block-embed__wrapper">
<iframe loading="lazy" title="Za vse ljudi sveta" width="525" height="394" src="https://www.youtube.com/embed/S_9lAF4WQrM?feature=oembed" frameborder="0" allow="accelerometer; autoplay; clipboard-write; encrypted-media; gyroscope; picture-in-picture" allowfullscreen></iframe>
</div><figcaption>Pepel in kri &#8211; Za vse ljudi sveta</figcaption></figure>

<p>Edvin Fliser je v svoji karieri napisal ogromno skladb, mnogo od teh je bilo nagrajenih. Za svoje dosežke v glasbi je prejel tudi pečatnik mesta&hellip;</p>
